[INFO] fetching crate romeo 0.0.5...
[INFO] checking romeo-0.0.5 against try#72f88fc4e9458f89516a0b8b0868f3718aec5b47 for pr-74989
[INFO] extracting crate romeo 0.0.5 into /workspace/builds/worker-0/source
[INFO] validating manifest of crates.io crate romeo 0.0.5 on toolchain 72f88fc4e9458f89516a0b8b0868f3718aec5b47
[INFO] running `Command { std: "/workspace/cargo-home/bin/cargo" "+72f88fc4e9458f89516a0b8b0868f3718aec5b47" "read-manifest" "--manifest-path" "Cargo.toml", kill_on_drop: false }`
[INFO] started tweaking crates.io crate romeo 0.0.5
[INFO] finished tweaking crates.io crate romeo 0.0.5
[INFO] tweaked toml for crates.io crate romeo 0.0.5 written to /workspace/builds/worker-0/source/Cargo.toml
[INFO] running `Command { std: "/workspace/cargo-home/bin/cargo" "+72f88fc4e9458f89516a0b8b0868f3718aec5b47" "generate-lockfile" "--manifest-path" "Cargo.toml" "-Zno-index-update", kill_on_drop: false }`
[INFO] running `Command { std: "/workspace/cargo-home/bin/cargo" "+72f88fc4e9458f89516a0b8b0868f3718aec5b47" "fetch" "--locked" "--manifest-path" "Cargo.toml", kill_on_drop: false }`
[INFO] running `Command { std: "docker" "create" "-v" "/var/lib/crater-agent-workspace/builds/worker-0/target:/opt/rustwide/target:rw,Z" "-v" "/var/lib/crater-agent-workspace/builds/worker-0/source:/opt/rustwide/workdir:ro,Z" "-v" "/var/lib/crater-agent-workspace/cargo-home:/opt/rustwide/cargo-home:ro,Z" "-v" "/var/lib/crater-agent-workspace/rustup-home:/opt/rustwide/rustup-home:ro,Z" "-e" "SOURCE_DIR=/opt/rustwide/workdir" "-e" "CARGO_TARGET_DIR=/opt/rustwide/target" "-e" "CARGO_HOME=/opt/rustwide/cargo-home" "-e" "RUSTUP_HOME=/opt/rustwide/rustup-home" "-w" "/opt/rustwide/workdir" "-m" "1610612736" "--user" "0:0" "--network" "none" "rustops/crates-build-env@sha256:d92eaeed33fa75130ca1ee6c8a01d1ffb62bac859dfdfb3450e3e5d1c0146529" "/opt/rustwide/cargo-home/bin/cargo" "+72f88fc4e9458f89516a0b8b0868f3718aec5b47" "metadata" "--no-deps" "--format-version=1", kill_on_drop: false }`
[INFO] [stderr] WARNING: Your kernel does not support swap limit capabilities or the cgroup is not mounted. Memory limited without swap.
[INFO] [stdout] 03f87a17197e894154dca78820a0eb097155ab88fce3aefb656dbb958a82170b
[INFO] running `Command { std: "docker" "start" "-a" "03f87a17197e894154dca78820a0eb097155ab88fce3aefb656dbb958a82170b", kill_on_drop: false }`
[INFO] running `Command { std: "docker" "inspect" "03f87a17197e894154dca78820a0eb097155ab88fce3aefb656dbb958a82170b", kill_on_drop: false }`
[INFO] running `Command { std: "docker" "rm" "-f" "03f87a17197e894154dca78820a0eb097155ab88fce3aefb656dbb958a82170b", kill_on_drop: false }`
[INFO] [stdout] 03f87a17197e894154dca78820a0eb097155ab88fce3aefb656dbb958a82170b
[INFO] running `Command { std: "docker" "create" "-v" "/var/lib/crater-agent-workspace/builds/worker-0/target:/opt/rustwide/target:rw,Z" "-v" "/var/lib/crater-agent-workspace/builds/worker-0/source:/opt/rustwide/workdir:ro,Z" "-v" "/var/lib/crater-agent-workspace/cargo-home:/opt/rustwide/cargo-home:ro,Z" "-v" "/var/lib/crater-agent-workspace/rustup-home:/opt/rustwide/rustup-home:ro,Z" "-e" "SOURCE_DIR=/opt/rustwide/workdir" "-e" "CARGO_TARGET_DIR=/opt/rustwide/target" "-e" "CARGO_INCREMENTAL=0" "-e" "RUST_BACKTRACE=full" "-e" "RUSTFLAGS=--cap-lints=forbid" "-e" "CARGO_HOME=/opt/rustwide/cargo-home" "-e" "RUSTUP_HOME=/opt/rustwide/rustup-home" "-w" "/opt/rustwide/workdir" "-m" "1610612736" "--user" "0:0" "--network" "none" "rustops/crates-build-env@sha256:d92eaeed33fa75130ca1ee6c8a01d1ffb62bac859dfdfb3450e3e5d1c0146529" "/opt/rustwide/cargo-home/bin/cargo" "+72f88fc4e9458f89516a0b8b0868f3718aec5b47" "check" "--frozen" "--all" "--all-targets" "--message-format=json", kill_on_drop: false }`
[INFO] [stderr] WARNING: Your kernel does not support swap limit capabilities or the cgroup is not mounted. Memory limited without swap.
[INFO] [stdout] 109dc10b903b28eee05b7ae9ecabcad6665c341df36a6a4e7a9e14c9d954e9c8
[INFO] running `Command { std: "docker" "start" "-a" "109dc10b903b28eee05b7ae9ecabcad6665c341df36a6a4e7a9e14c9d954e9c8", kill_on_drop: false }`
[INFO] [stderr]     Checking rand_core v0.4.2
[INFO] [stderr]     Checking stable_deref_trait v1.2.0
[INFO] [stderr]     Checking crossbeam-utils v0.5.0
[INFO] [stderr]     Checking crossbeam-utils v0.6.6
[INFO] [stderr]     Checking rand v0.4.6
[INFO] [stderr]     Checking num_cpus v1.13.0
[INFO] [stderr]    Compiling parking_lot_core v0.3.1
[INFO] [stderr]     Checking owning_ref v0.4.1
[INFO] [stderr]     Checking rand_core v0.3.1
[INFO] [stderr]     Checking rand v0.5.6
[INFO] [stderr]     Checking lock_api v0.1.5
[INFO] [stderr]     Checking crossbeam-epoch v0.6.1
[INFO] [stderr]     Checking uuid v0.6.5
[INFO] [stderr]     Checking parking_lot v0.6.4
[INFO] [stderr]     Checking crossbeam-channel v0.2.6
[INFO] [stderr]     Checking romeo v0.0.5 (/opt/rustwide/workdir)
[INFO] [stdout] error[E0432]: unresolved import `std::boxed::FnBox`
[INFO] [stdout]  --> src/address.rs:4:5
[INFO] [stdout]   |
[INFO] [stdout] 4 | use std::boxed::FnBox;
[INFO] [stdout]   |     ^^^^^^^^^^^^^^^^^ no `FnBox` in `boxed`
[INFO] [stdout] 
[INFO] [stdout] 
[INFO] [stdout] error[E0432]: unresolved import `std::boxed::FnBox`
[INFO] [stdout]  --> src/cell.rs:5:5
[INFO] [stdout]   |
[INFO] [stdout] 5 | use std::boxed::FnBox;
[INFO] [stdout]   |     ^^^^^^^^^^^^^^^^^ no `FnBox` in `boxed`
[INFO] [stdout] 
[INFO] [stdout] 
[INFO] [stdout] warning: trait objects without an explicit `dyn` are deprecated
[INFO] [stdout]   --> src/cell.rs:19:25
[INFO] [stdout]    |
[INFO] [stdout] 19 |     actor_producer: Box<Fn() -> A>,
[INFO] [stdout]    |                         ^^^^^^^^^ help: use `dyn`: `dyn Fn() -> A`
[INFO] [stdout]    |
[INFO] [stdout]    = note: `#[warn(bare_trait_objects)]` on by default
[INFO] [stdout] 
[INFO] [stdout] 
[INFO] [stdout] warning: trait objects without an explicit `dyn` are deprecated
[INFO] [stdout]   --> src/cell.rs:27:43
[INFO] [stdout]    |
[INFO] [stdout] 27 |     pub(crate) fn new(actor_producer: Box<Fn() -> A>, scheduler: Weak<Scheduler>) -> Arc<Self> {
[INFO] [stdout]    |                                           ^^^^^^^^^ help: use `dyn`: `dyn Fn() -> A`
[INFO] [stdout] 
[INFO] [stdout] 
[INFO] [stdout] warning: trait objects without an explicit `dyn` are deprecated
[INFO] [stdout]   --> src/cell.rs:91:20
[INFO] [stdout]    |
[INFO] [stdout] 91 | impl PartialEq for ACell {
[INFO] [stdout]    |                    ^^^^^ help: use `dyn`: `dyn ACell`
[INFO] [stdout] 
[INFO] [stdout] 
[INFO] [stdout] warning: trait objects without an explicit `dyn` are deprecated
[INFO] [stdout]   --> src/cell.rs:92:26
[INFO] [stdout]    |
[INFO] [stdout] 92 |     fn eq(&self, other: &ACell) -> bool {
[INFO] [stdout]    |                          ^^^^^ help: use `dyn`: `dyn ACell`
[INFO] [stdout] 
[INFO] [stdout] 
[INFO] [stdout] warning: trait objects without an explicit `dyn` are deprecated
[INFO] [stdout]   --> src/cell.rs:96:13
[INFO] [stdout]    |
[INFO] [stdout] 96 | impl Eq for ACell {}
[INFO] [stdout]    |             ^^^^^ help: use `dyn`: `dyn ACell`
[INFO] [stdout] 
[INFO] [stdout] 
[INFO] [stdout] warning: trait objects without an explicit `dyn` are deprecated
[INFO] [stdout]   --> src/scheduler.rs:18:27
[INFO] [stdout]    |
[INFO] [stdout] 18 |     cells: RwLock<Vec<Arc<ACell>>>,
[INFO] [stdout]    |                           ^^^^^ help: use `dyn`: `dyn ACell`
[INFO] [stdout] 
[INFO] [stdout] 
[INFO] [stdout] warning: trait objects without an explicit `dyn` are deprecated
[INFO] [stdout]   --> src/scheduler.rs:21:38
[INFO] [stdout]    |
[INFO] [stdout] 21 |     actor_starts: Mutex<VecDeque<Arc<ACell>>>,
[INFO] [stdout]    |                                      ^^^^^ help: use `dyn`: `dyn ACell`
[INFO] [stdout] 
[INFO] [stdout] 
[INFO] [stdout] warning: trait objects without an explicit `dyn` are deprecated
[INFO] [stdout]   --> src/scheduler.rs:22:38
[INFO] [stdout]    |
[INFO] [stdout] 22 |     actor_stops:  Mutex<VecDeque<Arc<ACell>>>,
[INFO] [stdout]    |                                      ^^^^^ help: use `dyn`: `dyn ACell`
[INFO] [stdout] 
[INFO] [stdout] 
[INFO] [stdout] warning: trait objects without an explicit `dyn` are deprecated
[INFO] [stdout]   --> src/scheduler.rs:35:54
[INFO] [stdout]    |
[INFO] [stdout] 35 |     pub(crate) fn register_new_cell(&self, cell: Arc<ACell>) {
[INFO] [stdout]    |                                                      ^^^^^ help: use `dyn`: `dyn ACell`
[INFO] [stdout] 
[INFO] [stdout] 
[INFO] [stdout] error[E0432]: unresolved import `std::boxed::FnBox`
[INFO] [stdout]  --> src/address.rs:4:5
[INFO] [stdout]   |
[INFO] [stdout] 4 | use std::boxed::FnBox;
[INFO] [stdout]   |     ^^^^^^^^^^^^^^^^^ no `FnBox` in `boxed`
[INFO] [stdout] 
[INFO] [stdout] 
[INFO] [stdout] error[E0432]: unresolved import `std::boxed::FnBox`
[INFO] [stdout]  --> src/cell.rs:5:5
[INFO] [stdout]   |
[INFO] [stdout] 5 | use std::boxed::FnBox;
[INFO] [stdout]   |     ^^^^^^^^^^^^^^^^^ no `FnBox` in `boxed`
[INFO] [stdout] 
[INFO] [stdout] 
[INFO] [stdout] warning: trait objects without an explicit `dyn` are deprecated
[INFO] [stdout]   --> src/cell.rs:19:25
[INFO] [stdout]    |
[INFO] [stdout] 19 |     actor_producer: Box<Fn() -> A>,
[INFO] [stdout]    |                         ^^^^^^^^^ help: use `dyn`: `dyn Fn() -> A`
[INFO] [stdout]    |
[INFO] [stdout]    = note: `#[warn(bare_trait_objects)]` on by default
[INFO] [stdout] 
[INFO] [stdout] 
[INFO] [stdout] warning: trait objects without an explicit `dyn` are deprecated
[INFO] [stdout]   --> src/cell.rs:27:43
[INFO] [stdout]    |
[INFO] [stdout] 27 |     pub(crate) fn new(actor_producer: Box<Fn() -> A>, scheduler: Weak<Scheduler>) -> Arc<Self> {
[INFO] [stdout]    |                                           ^^^^^^^^^ help: use `dyn`: `dyn Fn() -> A`
[INFO] [stdout] 
[INFO] [stdout] 
[INFO] [stdout] warning: trait objects without an explicit `dyn` are deprecated
[INFO] [stdout]   --> src/cell.rs:91:20
[INFO] [stdout]    |
[INFO] [stdout] 91 | impl PartialEq for ACell {
[INFO] [stdout]    |                    ^^^^^ help: use `dyn`: `dyn ACell`
[INFO] [stdout] 
[INFO] [stdout] 
[INFO] [stdout] warning: trait objects without an explicit `dyn` are deprecated
[INFO] [stdout]   --> src/cell.rs:92:26
[INFO] [stdout]    |
[INFO] [stdout] 92 |     fn eq(&self, other: &ACell) -> bool {
[INFO] [stdout]    |                          ^^^^^ help: use `dyn`: `dyn ACell`
[INFO] [stdout] 
[INFO] [stdout] 
[INFO] [stdout] warning: trait objects without an explicit `dyn` are deprecated
[INFO] [stdout]   --> src/cell.rs:96:13
[INFO] [stdout]    |
[INFO] [stdout] 96 | impl Eq for ACell {}
[INFO] [stdout]    |             ^^^^^ help: use `dyn`: `dyn ACell`
[INFO] [stdout] 
[INFO] [stdout] 
[INFO] [stdout] warning: trait objects without an explicit `dyn` are deprecated
[INFO] [stdout]   --> src/scheduler.rs:18:27
[INFO] [stdout]    |
[INFO] [stdout] 18 |     cells: RwLock<Vec<Arc<ACell>>>,
[INFO] [stdout]    |                           ^^^^^ help: use `dyn`: `dyn ACell`
[INFO] [stdout] 
[INFO] [stdout] 
[INFO] [stdout] warning: trait objects without an explicit `dyn` are deprecated
[INFO] [stdout]   --> src/scheduler.rs:21:38
[INFO] [stdout]    |
[INFO] [stdout] 21 |     actor_starts: Mutex<VecDeque<Arc<ACell>>>,
[INFO] [stdout]    |                                      ^^^^^ help: use `dyn`: `dyn ACell`
[INFO] [stdout] 
[INFO] [stdout] 
[INFO] [stdout] warning: trait objects without an explicit `dyn` are deprecated
[INFO] [stdout]   --> src/scheduler.rs:22:38
[INFO] [stdout]    |
[INFO] [stdout] 22 |     actor_stops:  Mutex<VecDeque<Arc<ACell>>>,
[INFO] [stdout]    |                                      ^^^^^ help: use `dyn`: `dyn ACell`
[INFO] [stdout] 
[INFO] [stdout] 
[INFO] [stdout] warning: trait objects without an explicit `dyn` are deprecated
[INFO] [stdout]   --> src/scheduler.rs:35:54
[INFO] [stdout]    |
[INFO] [stdout] 35 |     pub(crate) fn register_new_cell(&self, cell: Arc<ACell>) {
[INFO] [stdout]    |                                                      ^^^^^ help: use `dyn`: `dyn ACell`
[INFO] [stdout] 
[INFO] [stdout] 
[INFO] [stdout] error: aborting due to 2 previous errors; 9 warnings emitted
[INFO] [stdout] 
[INFO] [stdout] 
[INFO] [stdout] For more information about this error, try `rustc --explain E0432`.
[INFO] [stdout] 
[INFO] [stdout] error: aborting due to 2 previous errors; 9 warnings emitted
[INFO] [stdout] 
[INFO] [stdout] 
[INFO] [stdout] For more information about this error, try `rustc --explain E0432`.
[INFO] [stdout] 
[INFO] [stderr] error: could not compile `romeo`.
[INFO] [stderr] 
[INFO] [stderr] To learn more, run the command again with --verbose.
[INFO] [stderr] warning: build failed, waiting for other jobs to finish...
[INFO] [stderr] error: build failed
[INFO] running `Command { std: "docker" "inspect" "109dc10b903b28eee05b7ae9ecabcad6665c341df36a6a4e7a9e14c9d954e9c8", kill_on_drop: false }`
[INFO] running `Command { std: "docker" "rm" "-f" "109dc10b903b28eee05b7ae9ecabcad6665c341df36a6a4e7a9e14c9d954e9c8", kill_on_drop: false }`
[INFO] [stdout] 109dc10b903b28eee05b7ae9ecabcad6665c341df36a6a4e7a9e14c9d954e9c8
